s(c)?
-2
Let z(u) = u**3 - 23*u**2 + 22*u + 4. Suppose -1937*v + 110 = -1932*v. What is z(v)?
4
Let w(m) = 7*m**2 - 16*m - 52. Let u be w(4). Let s(z) = z**3 + 5*z**2 + 7*z + 11. Give s(u).
-1
Let b(i) = -i**2 - 4*i + 23. Suppose -355 = -34*m - 57*m + 20*m. Determine b(m).
-22
Let j(i) = -2*i**3 + 8*i**2 + 6*i - 1. Let l be j(0). Let u(p) = 126*p - 8. Determine u(l).
-134
Suppose 88*g + 56*g - 27 = 117*g. Let d be 1*-6*(-1)/2. Let b(r) = 0*r**d + 2*r**2 + r**3 + 1 - 4*r + 2*r. Calculate b(g).
2
Let k(r) = -r**2 - 13*r - 2. Let c(w) be the first derivative of -22*w**3/3 + 5*w**2 - w - 66. Let j be c(1). Calculate k(j).
-2
Let m(x) = x**3 + 3*x - 1. Let h(q) = -5*q**3 - q**2 + 5*q - 2. Let g(j) = -h(j) + 2*m(j). What is g(1)?
9
Let a be 2*-3*(-10)/12. Let s(q) = -3*q + 3*q - q**3 + a - 7*q**2. Suppose -d = -2*g - 19, -457*g = -462*g + d - 40. Determine s(g).
5
Let n(s) = 6*s - 12*s + 1 + 4 + 0*s**2 - s**2. Let u be 1*11/((-11)/6). What is n(u)?
5
Let g(l) = -14*l - 3. Let q(z) = z**3 - z**2 - 26*z + 26. Let r be q(5). Calculate g(r).
53
Suppose -2*q - 5 = -4*l - 63, 5*l + 110 = -5*q. Let u = l + 2. Let i(t) = 25*t + 108. Let f(a) = -13*a - 61. Let p(w) = 2*f(w) + i(w). What is p(u)?
1
Let r(d) be the first derivative of -1/3*d**3 - 45 - 9*d + 5/2*d**2. Determine r(6).
-15
Let a = 17 + -13. Suppose -5*r + 22 = 3*d, -2*r + 4*r - 24 = -5*d. Let y(i) = -i**3 + 11*i**2 + 6*i**2 + d - 6*i - 11*i**2. Calculate y(a).
12
Let s(l) = -l**3 - l**2 + 4*l - 1. Suppose -14*f = -3127 - 1045. Let m = f - 301. Calculate s(m).
5
Suppose 0 = 11*r - 22. Let s(d) be the third derivative of -d**7/1008 + d**6/360 - 7*d**5/60 + 7*d**2. Let i(n) be the third derivative of s(n). Determine i(r).
-8
Let s(d) = -d**2 + d - 1. Let t(b) = b - 6*b + 7*b**2 + 1 - 12*b + 22*b. Let g(f) = -6*s(f) - t(f). Give g(-11).
5
Let q(v) = v**2 + 7*v - 6. Suppose -4*s - 5*n - 90 + 78 = 0, 3*n = s - 14. Suppose 3*p + 3 = 0, -p + s = 5*r + 33. Determine q(r).
-12
Let x be 10/((-45)/9) + 9. Let h(i) be the first derivative of 0*i - x + 1/2*i**2. Give h(1).
1
Let p(o) be the second derivative of o**4/6 + 35*o**3/6 + 7*o**2 + 200*o. Give p(-17).
-3
Let g(i) be the first derivative of -i**4/4 - 3*i**2/2 - 7*i + 1202. What is g(-3)?
29
Suppose 2*y + 2*o = -2*y - 12, -2*o = 5*y + 13. Let n be (-58)/(-261) + y/((-18)/(-4)). Let u(s) = s - 4. Determine u(n).
-4
Let r(q) = 1 + 7*q + 0*q + 0*q + 5*q - 4*q. Let g = -4 + 2. Give r(g).
-15
Let t(z) be the third derivative of 7*z**4/24 + 181*z**3/6 - 2900*z**2. Give t(-27).
-8
Let h be 3/2 + 2/4. Let z(x) = -1 + 0*x - 7*x + x**2 - h*x**2. Let m be (-623 + 657)*(-16)/68. What is z(m)?
-9
Let c(j) = -j**2 - 7*j - 6. Suppose 4 = -2*s + 5*f, -3*f + 1383 = 4*s + 1417. Determine c(s).
-6
Let i(f) = -11*f**2 + 20*f + 127. Let m(r) = -2*r**2 - r - 12. Let d(j) = -i(j) + 5*m(j). Calculate d(-6).
-1
Suppose 5*g - 60 = -35. Suppose -4*v - v = -g*w, 2*v = 3*w - 2. Let a(k) = 7 - 8*k + 8*k - 7*k + k**w. Give a(5).
-3
Let j(n) = 15*n**3 + 30. Let l(q) = -q**3 - 1. Let m(s) = -j(s) - 30*l(s). Let o be (1184/96)/(-37)*3. Give m(o).
-15
Let p(o) = o**3 - 5*o**2 + 7*o - 6. Suppose -7*y - 15*y = -176. Suppose -2*n + 40 = y*n. Give p(n).
6
Let k = -462 - -454. Let s(w) = w**3 + 7*w**2 - 9*w. What is s(k)?
8
Let r be (1 + (0 - 0))*-6. Let y(w) = -9 + 28*w + 44*w**2 - 45*w**2 - 35*w. Give y(r).
-3
Let g(w) = 76*w**2 - 2*w - 8. Let l(x) = 63*x**2 - 2*x - 7. Let d(k) = -4*g(k) + 5*l(k). Give d(-1).
10
Let q(v) = -v**3 - 3*v**2 + v + 1. Let k(y) = -4*y**3 - 9*y**2 + 19*y - 13. Let h(z) = k(z) - 3*q(z). Calculate h(4).
-16
Let j = 54 - 42. Let n(q) = 5*q**2 + 2 + q - j*q**2 + 10*q**2 + 3*q - q. Give n(-1).
2
Let s = -54 - -49. Let l(g) = 7*g**2 - g - 11. Let o(a) = 12*a**2 - 2*a - 22. Let n(x) = s*l(x) + 3*o(x). What is n(-5)?
19
Suppose 0 = 5*f + 4*s - 35, -5*s + s - 7 = -f. Let y(u) = -2*u**2 + 7*u + 43. Let z be y(f). Let c(h) = h**3 + 7*h**2 + 5*h. Give c(z).
6
Let z(t) = t**2 - 3*t - 1. Suppose 78*g + 128 = 46*g. Determine z(g).
27
Let l(c) = 2*c + 21. Let u(h) = -9*h + 99. Let j(d) = 3*d - 33. Let m(z) = 17*j(z) + 6*u(z). Let t be m(14). Let k be l(t). Let g(o) = o**2 - 3. Determine g(k).
6
Suppose 0 = 3*o + 2*l - 4*l + 17, -11 = o - 2*l. Let m(k) = k**3 + 4*k**2 - 2*k. Let u(h) = -h**2 - 1. Let d(w) = -m(w) - 3*u(w). Determine d(o).
15
Let n(l) = -l**3 - 3*l**2 + l - 7. Suppose 0 = 5*p, -62*p - 25 = -5*m - 63*p. Suppose m*z + 1 = -2*y + 8, 3*y + 5*z = 3. Calculate n(y).
5
Let w = -5999 - -6000. Let m(a) = -6*a + 17. Calculate m(w).
11
Let o(g) be the second derivative of -g**5/10 + g**4/4 - g**3/6 + g**2/2 - 632*g. Let k be 24/11 + (-10)/55. What is o(k)?
-5
Let g be (-30)/5 + (-4 - -15). Let v(c) = g*c**2 - 4*c**2 + 5 - 2*c**2. Determine v(4).
-11
Suppose 0 = 3*s - 5*n + 89 - 20, 0 = -n + 3. Let v = 16 + s. Let a(l) be the first derivative of -l**3 - l**2 - 4. What is a(v)?
-8
Let d(h) = 7*h + 51. Let g(p) = 9*p + 58. Let w(x) = -7*d(x) + 6*g(x). Determine w(-5).
-34
Let d(l) = -2*l - 31. Let b = -217 + 258. Suppose 5*o = b - 126. Calculate d(o).
3
Let w = -550 + 580. Let t(b) = -29 - 4*b**2 - 2*b**2 + 80 - w - 24. Calculate t(-2).
-27
Let d(n) = n**2 - 13*n - 28. Let b be d(-2). Let i(y) = -19*y**2 - 6 - 9*y + 13*y**b - 2*y**2 + 7*y**2. What is i(-4)?
14
Let d(f) be the third derivative of -f**6/120 - 23*f**5/30 - 35*f**4/24 + 147*f**3/2 - f**2 + 14*f - 31. Give d(-45).
-9
Let z = -13735 - -13737. Let s(i) be the third derivative of 0*i - 4*i**2 + 0 - 1/6*i**3 + 1/24*i**4. Calculate s(z).
1
Let w(n) = -n**2 - 8*n - 5. Let x be w(-7). Let i be ((-4)/2)/((-2)/x). Let r(p) = p - 25*p**3 + 26*p**3 - 3*p**2 + 4*p**i. Determine r(-2).
-6
Let c(l) = -l**3 + 5*l**2 - 3*l + 2. Let v = -32 - -40. Let s be ((-2)/(-4))/(v/48). Suppose 0 = -4*m + 3*f + s, -f = -5*m - 0*f + 12. Calculate c(m).
11
Suppose -32 = 33*l - l. Let c(p) = 86*p - 68*p + 5 - 4. Determine c(l).
-17
Let c(m) = -3*m**3 - m + m**2 + m - 2*m**2 + 1. Let y = -344 - -347. Suppose -2*x + 4*l = 1 - 11, -8 = -x + y*l. Calculate c(x).
3
Let b(n) = -2 + 3*n - 6*n**2 - 9*n**3 + 3 - 12. Let y = 1369 + -1373. Let g(l) = 5*l**3 + 3*l**2 - 2*l + 6. Let z(m) = y*b(m) - 7*g(m). Give z(-3).
-4
Let b be 2/(-10) - 693/(-165). Suppose b*l = -2*u - 6, 3*u = -0*l - 2*l - 5. Let v(w) = w - 1 + 2*w**3 - 2*w - 13*w**3. Calculate v(l).
11
Let n(d) = 72*d - 14*d - 20*d - 21*d + 41 - 22*d. Determine n(8).
1
Let t = 5104 - 5102. Let p(c) = 3*c**3 + c**2 + 2. Give p(t).
30
Let q(h) = -19*h**3 - 2*h - 2. Suppose 0 = -149*s - 169 + 20. Determine q(s).
19
Suppose 20*k = 17*k. Suppose -25*f + 23*f - 4 = k. Let u be (-50)/(-8) - f/(-16)*2. Let o(r) = -r**3 + 5*r**2 + 4*r + 8. What is o(u)?
-4
Let c(b) = 2*b**2 + 22*b - 51. Let r = 3396 - 3409. Give c(r).
1
Let b be 9 + (2 + -1)*-1. Let c(m) = -7*m - 54300 + m**3 - 54302 - 4*m**2 + 162896 - 3*m**2 - 54300 - m. Give c(b).
-6
Let w(o) = -2*o + 68 - 20 - 4*o + 57 - 14. Let y be w(15). Let h(g) = -2*g - 3. What is h(y)?
-5
Suppose -2*q = 4, -13*k + 18*k = -2*q + 6. Suppose 17*s = k*s - 60. Let w(t) = -t - 1. Give w(s).
3
Let m(h) = 3 - 5*h + 4*h + 0*h. Let z be -8 - (-4 + 31 - 39). What is m(z)?
-1
Let o(d) = -d**2 + 2*d + 1. Let m(y) = y - 13. Let j be m(14). Let h be o(j). Suppose -7 = -5*w - h, -4*w - 1 = 5*n. Let a(l) = 3*l + 1. Calculate a(n).
-2
Let s(j) = -j + 1. Let z(q) = q**2 + 22*q + 103. Let o be z(-6). Calculate s(o).
-6
Suppose 17 = -p + 2*p - 3*f, 3*p - 4*f - 31 = 0. Suppose -y + p + 2 = 0. Let d(h) = -4*h**2 + 35 + 10*h**2 + 8*h - h**3 - 2*h - 66 + 41. Give d(y).
3
Let k(y) = 1834 - 616 - 4*y + 2*y - 614 - 612. What is k(6)?
-20
Let a(k) = -11*k**2 - 235*k + 971. Let u(b) = 7*b**2 + 154*b - 645. Let m(z) = 5*a(z) + 8*u(z). Calculate m(5).
5
Let t(h) = -5*h + 46. Let m = -2483 - -2492. Determine t(m).
1
Let q be (7/4)/(6 - (-161)/(-28)). Suppose 179*d - 180*d + q = 0. Let n(z) = z**2 - 8*z. What is n(d)?
-7
Let z(w) = -w**3 + 9*w**2 - 16*w - 8. Let q be 4/(-6)*2625/(-350). Determine z(q).
12
Suppose 2*m = 8*m - 24. Let i be 3 - (3 - (-4)/(-4)). Let v(d) = -27*d - 7 + i + 31*d. Give v(m).
10
Let h(d) be the second derivative of 3*d**5/20 + d**4/12 - d**3/3 + d**2/2 - 8815*d. Let b be (-6)/(-4)*(-2)/(-3). Calculate h(b).
3
Suppose -2*o + 12 = 4*v, -2*o + 5*v + 6 = -6. Suppose 28*i - 25*i